 3*r + 244. What is the remainder when 654 is divided by m?
70
Let z(p) = -p**2 - 18*p - 46. Calculate the remainder when z(-6) is divided by 7.
5
Let u(z) = z**3 - z**2 + 3*z + 3. Calculate the remainder when 24 is divided by u(0).
0
Let t = -4 - -69. Let b = -133 + 144. What is the remainder when t is divided by b?
10
Let g = -578 - -1495. What is the remainder when g is divided by 102?
101
Suppose 0 = -2*a - 5*n + 43, 93 = 4*a + a - 2*n. Let m(u) = -u**2 - 6*u + 12. Calculate the remainder when a is divided by m(-7).
4
Suppose -6*h + 153 = -9*h. Let t = -91 - h. Calculate the remainder when t/(-50) - (-201)/5 is divided by 21.
20
Let g be ((-4)/(-16))/(-1)*-92. Suppose 5*z = k + 4*z - g, k = -2*z + 29. What is the remainder when 99 is divided by k?
24
Let v(s) = 5*s**2 - 18*s + 34. Calculate the remainder when 122 is divided by v(4).
38
Suppose 0 = -4*l - 2*q + 28, -q - 28 = -4*l - 2*q. Suppose l*p = 31 + 53. What is the remainder when p is divided by 8?
4
Suppose -5*f + 5 = -5*p, 0 = p - 4*f - 9 - 5. Suppose 5*a - 23 = -16*g + 14*g, -4*a - 18 = -g. Calculate the remainder when p/(-10) - 366/(-15) is divided by g.
11
Let p(g) = -g**2 + 8*g - 4. Let v be p(8). Let n be (0 - -1)/(2/v). Let s(f) = 4*f**2 + 4*f + 4. What is the remainder when 21 is divided by s(n)?
9
Suppose -5*t + 0 = -170. Let w(z) = 3*z + 21. What is the remainder when t is divided by w(-3)?
10
Suppose 0 = -5*x - 14 + 34. What is the remainder when 9 is divided by x?
1
Let l = -1 + -2. Let j(d) = d**3 + 3*d**2 - d - 1. Let c be j(l). Let u = 8 + c. Calculate the remainder when 27 is divided by u.
7
Suppose -9 = c - 24. Suppose -31*f = -2*f + 174. Let w = f + c. What is the remainder when 16 is divided by w?
7
Let b(x) = 5*x**3 + 42*x**2. What is the remainder when b(-8) is divided by 24*2/2 + 2?
24
Suppose -2*z - 16 = -2*o - 0*z, 10 = -2*z. Let d = 13 - o. What is the remainder when d is divided by 6?
4
Let o = -23 + 39. Suppose -5*i - 131 = 23*q - 27*q, -4*q - 10*i = -86. Calculate the remainder when q is divided by o.
13
Let y be 15/(-10)*6/(-9). Let f be (1 + (-2 - 0))*y. Let t = f - -14. Calculate the remainder when 23 is divided by t.
10
Let u = -605 + 1109. Calculate the remainder when u is divided by 39.
36
What is the remainder when 45 is divided by (3/(81/18))/(1/21)?
3
Let l = -64 + 289. Suppose 4 = 4*t, 7*g - 5*t - l = 2*g. Let o = g + -27. Calculate the remainder when o is divided by 11.
8
Calculate the remainder when (471/(-9))/1*-3 is divided by 10.
7
Suppose 30*w = 2404 + 746. Calculate the remainder when w is divided by 27.
24
Suppose 0 = -10*m + 6*m + 68. What is the remainder when 5 is divided by m/(-34)*8/(-2)?
1
Suppose 2*x + 4*m = m + 95, 0 = 3*x - 3*m - 180. What is the remainder when x is divided by 20?
15
Calculate the remainder when 44 is divided by 0 + 1*(5 - 2) - -25.
16
Suppose -49 = -8*z + 79. Calculate the remainder when 63 is divided by z.
15
Suppose 14*y = 8*y + 96. Suppose m = -u - m + y, 3*u + 2*m - 68 = 0. What is the remainder when 100 is divided by u?
22
Suppose -98 = -6*n + 58. Calculate the remainder when 119 is divided by n.
15
Let o(z) = -10*z + 2*z**2 + 7 - 2 + 4 - 2*z. Let f be o(10). Suppose -5*m - 2*t = -f, -m - 5*t + 25 + 2 = 0. What is the remainder when m is divided by 9?
8
Let s(q) = 2*q**3 - 4*q**2 - 6*q + 1. Let d(h) = -h**3 + 3*h**2 + 5*h. Let w(j) = -4*d(j) - 3*s(j). Calculate the remainder when w(-3) is divided by 15.
12
Let a(k) = k**3 - 2*k**2 - 5*k - 9. Let v be (3/(-9))/(4/(-60)) + -1. What is the remainder when a(v) is divided by 2?
1
Let s(n) = -18*n - 225. What is the remainder when s(-28) is divided by 70?
69
Let q(k) = -k**3 + 13*k**2 + 2*k - 7. What is the remainder when 63 is divided by q(13)?
6
Suppose -73*z + 13*z + 5040 = 0. Calculate the remainder when z is divided by 69.
15
Suppose 0 = -3*q + 5*k + 25, -3*q + 3*k = 22 - 55. Suppose 0 = 3*c + 2*c - q. What is the remainder when 30 is divided by (c + -2)*48/3?
14
Let p(c) = -83*c + 29. Let m be p(-5). Calculate the remainder when (2 + m/8)*(-12)/(-10) is divided by 0 - 34*-1 - -2.
33
Let x(o) = 5*o**2 + o + 6. Let c(n) = -3*n - 6. Calculate the remainder when x(-2) is divided by c(-5).
6
Let i = -4 - 0. Let y = 19 - 10. What is the remainder when y is divided by 1 - 3 - (i - 2)?
1
Suppose -5*o = -4*w + 57 - 74, 3*o - 2*w = 11. Let i be (-43)/(-9) - (-6)/27. Calculate the remainder when o is divided by (-2)/2 - (0 - i).
1
Let g = 44 + -6. Suppose 2*a + l + 28 = 5*a, 4*a - 2*l = g. Let n(y) = -y**2 + 10*y - 2. What is the remainder when 39 is divided by n(a)?
4
Let j = -57 + 41. Let a = 16 + j. Suppose 5*o - 3*o = 3*s - 10, -s + 2*o - 2 = a. Calculate the remainder when 23 is divided by s.
5
Suppose -214*q + 217*q - 21 = 0. What is the remainder when 34 is divided by q?
6
Let r = 72 - 70. Suppose t + t = -r*j + 44, -5*t - j = -106. Calculate the remainder when 82 is divided by t.
19
Let g = -112 + 188. Let l(f) = -f**3 + 47*f**2 - 86*f - 148. Calculate the remainder when g is divided by l(45).
12
Let u(h) = h**3 - 8*h**2 + h + 6. Suppose -m = -21 - 31. Calculate the remainder when m is divided by u(8).
10
Let z = -279 - -423. Suppose 0 = -5*l + 9*l - z. Let h = l - 17. Calculate the remainder when h is divided by 4.
3
Suppose -8*t - 14 + 54 = 0. Calculate the remainder when 176 is divided by t.
1
Let l = -305 - -346. Calculate the remainder when 86 is divided by l.
4
Suppose 206 + 1726 = 23*a. What is the remainder when 163 is divided by a?
79
Let z(k) be the first derivative of k**4/4 + 12*k**3 + k**2 + 85*k - 84. What is the remainder when z(-36) is divided by 3*(8/(-6))/(-1)?
1
Let d = 8 + 15. Suppose 2*c + 333 = -75. What is the remainder when d is divided by 10/(-4)*c/85?
5
Suppose l - 2*f = -2, 3*l + 2*l + 5*f = 20. Let v(w) = -7*w**2 - 5*w + 2 + 2*w**3 + l*w**2 - w**3 + 5. What is the remainder when v(6) is divided by 7?
6
Let a = -429 - -467. What is the remainder when a is divided by 13?
12
Let g = -21 - -56. Let y = g + 8. Calculate the remainder when y is divided by (-1 - 2)*322/(-42).
20
Suppose -g = 3*g. Suppose g*f = 2*x + 4*f - 48, -x + 30 = 5*f. Suppose 0 = 3*q - 89 + x. Calculate the remainder when q is divided by 13.
10
Suppose 2*l + 2*l = -16, 8 = 2*b + l. Let h = b + 16. Suppose 16 = 4*r - 32. What is the remainder when h is divided by r?
10
Let v(m) = -8*m**2 + 55*m + 12. What is the remainder when ((-1)/(-1))/(2/12) is divided by v(7)?
1
Let v(a) = -a + 1. Suppose 5 = -2*g + 5*r - 4*r, 0 = -5*g + 5*r - 25. Suppose g = 15*m - 10*m + 55. What is the remainder when v(m) is divided by 7?
5
What is the remainder when (-30)/(-5) - (-111 - 7) is divided by 21?
19
Suppose u + 2*h + 1 = 0, 4*u = -5*h - 3 - 13. Let x be 4 + (-32 - (3 + -5)). Let k = u - x. What is the remainder when 65 is divided by k?
14
Let u(x) = 46*x**2 + 26*x + 81. Calculate the remainder when u(-4) is divided by 65.
63
Let a(r) = -r**2 + 25*r - 70. Calculate the remainder when 67 is divided by a(20).
7
What is the remainder when -2 + 2 + (89 - (-3 - -1)) is divided by 10?
1
Let h(f) = 23*f - 2. Let q be h(2). Let o = q - 9. Let d(g) = g**3 - g**2 - 42*g + 10. Calculate the remainder when o is divided by d(-6).
5
Let q = 267 - 262. Calculate the remainder when 403 is divided by q.
3
Suppose 0 = -3*h + 2*x - 346, 4*h + h + 577 = 3*x. Let z = -53 - h. Calculate the remainder when z is divided by -8*(1 - (0 + 3)).
15
Let z(o) be the second derivative of -5*o**3/3 - 4*o**2 - 3*o. Let v(w) = -w + 1. Let m(q) = -6*v(q) - z(q). What is the remainder when m(3) is divided by 17?
16
Suppose 121 = b + 2*b - 2*y, 0 = b + 4*y - 17. Calculate the remainder when 4/(4/107) + 1 is divided by b.
34
Let k(a) = 2*a + 15 + 16 + 6*a**2 - 28. Suppose -3*b - 8 = 1. Calculate the remainder when k(b) is divided by 18.
15
Suppose 0 = -2*x - 4*u + 40, x - u + 4*u - 23 = 0. What is the remainder when 207 is divided by x?
11
Suppose 26*r - 31*r + 4*i = -837, -4*i = 3*r - 515. Calculate the remainder when r is divided by 35.
29
Let d(b) = -5*b**2 + 14*b + 11. Let n(v) = -v. Let g(l) = -d(l) + 6*n(l). Calculate the remainder when g(6) is divided by 25.
24
Suppose 0 = -13*f + 6*f - 2058. Let h = -68 - f. What is the remainder when h is divided by 38?
36
Suppose -3*w = -m - 19, -2*m = -2*w + w + 8. Suppos